ppose r = 2*p + p + 12, -r = 4*p + 23. Let x(f) = -f**3 - 4*f**2 - 4*f - 2. Give x(r).
1
Let j(z) be the third derivative of z**5/60 - 5*z**4/12 - 2*z**3 - 6*z**2. What is j(11)?
-1
Let i(n) = -3*n - 6. Let y(j) = -j**3 - 11*j**2 + 13*j + 8. Let m be y(-12). Calculate i(m).
6
Let p(m) = -m**3 - 2*m**2 - m + 1. Let b be ((-9)/6)/(3/4). Determine p(b).
3
Let d(j) = -21*j**2 + 5*j + 5. Let a(p) = -16*p - 78 + 79*p**2 + 229*p**2 - 62*p + 17*p**2. Let v(n) = -5*a(n) - 78*d(n). Determine v(1).
13
Let j(c) be the third derivative of c**8/20160 + c**7/1260 + c**6/180 - c**5/60 + 4*c**2. Let x(i) be the third derivative of j(i). Calculate x(-3).
1
Let s(k) = -5*k**3 + 5*k**2 - 2*k + 5. Let f(z) = z**3 - z. Let y(o) = 4*f(o) + s(o). Give y(4).
-3
Let r(q) = q**2 - q. Let b(t) = -4*t**2 + 4*t - 7. Let d(g) = b(g) + 3*r(g). Let a(l) = -l - l**2 + 3*l - 13 - l**2. Let y(i) = 6*a(i) - 11*d(i). What is y(1)?
-1
Suppose 4*j - 4*t = -8, 0 = 3*t + 2*t + 10. Let l(p) = -p**2 - 1 + 0 - 4*p - 3*p**2 + 3*p**2. Calculate l(j).
-1
Let l(i) = 18 + 26*i - 19*i - 16. Calculate l(2).
16
Let z(i) = 12 + 11*i - 4*i - 18. Give z(4).
22
Let v(u) = -3*u - 2. Let d(r) = r - 7. Let w be d(12). Suppose w*k - 3*f = -30, 2*k - f = -k - 14. Give v(k).
7
Let u(j) be the first derivative of j**2/2 + 7*j - 6. Calculate u(-5).
2
Let c(n) = -6*n - 2. Let w(a) be the second derivative of -a**3/2 + 5*a**2 + 2*a. Let m be w(4). Determine c(m).
10
Let i(s) be the first derivative of -3*s**4/4 + s**3/3 - s**2/2 - s + 8. Give i(-1).
4
Let a(b) = 2*b**2 + 3*b + 3. Let w(j) = -j**2 - 4*j - 4. Let v(n) = -3*a(n) - 4*w(n). Let f(m) = -m**2 + 3*m + 3. Let o(s) = -5*f(s) + 2*v(s). Calculate o(0).
-1
Suppose 24 = 6*d - d + 2*l, 3*d - 4 = 4*l. Let i(p) be the first derivative of 1/3*p**3 - 5/2*p**2 + 6*p + 2. What is i(d)?
2
Let n(i) = i**3 - 4*i**2 - 2*i - 15. Let r be n(5). Let p(c) = -c - 8. What is p(r)?
-8
Let z(a) = -5*a + 5*a**2 - 8 - 4*a**2 - a**3 + 6*a**2. Let l be (-2)/(0 + (-2)/6). Let j be z(l). Let w(n) = n**3 + 4*n**2 + n - 1. What is w(j)?
5
Let q = -9 + 8. Let y(n) = 8*n**3 - 2*n**2 - 2*n - 1. Calculate y(q).
-9
Let n be ((-1)/3)/((-2)/(-6)). Let l(g) = g. Let y(r) = r - 1. Let b(j) = -3*j - 1. Let d(k) = b(k) - 2*y(k). Let f(h) = -d(h) - l(h). Determine f(n).
-5
Let s(o) = o**3 - 5*o**2 - 8*o + 8. Let u = 1 - -1. Suppose u*a - 1 = 11. Determine s(a).
-4
Let m(o) = o**2 + 8*o + 11. Let q be m(-7). Let d(r) = 2*r**2 - 4*r + 4. Give d(q).
20
Let r = -20 - -17. Let f(n) be the second derivative of n**5/20 + n**4/3 - n**2 + n. Give f(r).
7
Let s(l) = -2*l - 7. Let p(m) = 3*m + 8. Let v(f) = 3*p(f) + 4*s(f). Let a(d) = -d**2 - d + 4. Let h be a(0). Let k = 9 - h. Give v(k).
1
Let u(n) = -1. Let v(j) = -3*j + 12. Let d(l) = -18*u(l) - v(l). Calculate d(-5).
-9
Suppose -5*t - 25 = 5*f, -1 = 3*t + 8. Let r(w) = -7*w**2 + 9*w + 2. Let q(z) = 4*z**2 - 5*z - 1. Let m(j) = 11*q(j) + 6*r(j). Calculate m(f).
11
Let k(h) = 3*h + 5. Let c(w) = -w - 1. Let m(r) = -4*c(r) - k(r). Calculate m(-3).
-4
Let v(p) = 3*p**3 + 5*p**2 + 2*p - 7. Let q = -3 + 5. Let g = 0 - q. Let o(i) = -10*i**3 - 15*i**2 - 7*i + 21. Let u(r) = g*o(r) - 7*v(r). What is u(-5)?
7
Let d(j) = j**3 + 10*j**2 - 11*j + 2. Let w be d(-11). Let z = -8 + w. Let k(q) = 2*q + 8. What is k(z)?
-4
Suppose 3*c - 10 - 20 = 0. Let v = c - 6. Suppose -d = -v*d - 6. Let k(f) = -3*f. What is k(d)?
6
Let n(i) = -i + 1. Let w(o) = -12*o + 24. Let u(c) = 15*n(c) - w(c). Determine u(-6).
9
Let x(z) = -3*z - z**3 + 8*z**3 - 10*z**2 + 0*z - 6. Let n(v) = 8*v**3 - 11*v**2 - 3*v - 7. Let c(m) = 6*n(m) - 7*x(m). Suppose 8*r + 144 = 176. What is c(r)?
12
Let r(m) be the first derivative of -m**3/3 + m**2/2 + 3*m - 2. What is r(0)?
3
Let k = -3 + 8. Let g(s) = 1 - 34*s + 0 - 5. Let w(x) = -23*x - 3. Let h(o) = k*g(o) - 7*w(o). Give h(1).
-8
Let i(a) = -a**3 + 5*a**2 - 4*a + 2. Let l = -7 - -15. Let k(r) = r**2 - 8*r + 1. Let v be k(l). Let w be v*(1 + 1 + 2). Give i(w).
2
Let l(x) be the third derivative of 4*x**2 + 0*x**3 + 1/12*x**4 + 1/720*x**6 + 0*x + 0 - 1/60*x**5. Let a(v) be the second derivative of l(v). Determine a(5).
3
Let b(a) = -a**3 + 5*a**2 - 3*a - 3. Suppose -2*w + m = -4, 2*w + w = 2*m + 7. Suppose w = y - 3. Let v be (-1)/(-1*1/y). Give b(v).
1
Suppose 4 = t - 1. Let d(y) = -y**3 - 3 + 2 + 4*y**2 - 2 + 5*y - 2. Determine d(t).
-5
Let g(d) = 4*d - 4 - 2*d + 4*d + 3. Determine g(2).
11
Let v(w) = w + 7. Let g be (-36)/(-234) - 108/26. Give v(g).
3
Let l be 4/(-16) - 2/(-4). Let u(f) be the first derivative of 3/2*f**2 + l*f**4 - 1 + 4/3*f**3 + f. Calculate u(-3).
1
Let a(u) be the third derivative of -u**4/6 + u**3/2 + 4*u**2. Give a(3).
-9
Let r(z) be the third derivative of -z**4/12 - 2*z**3/3 - 13*z**2. Give r(3).
-10
Let g(r) be the second derivative of 1/2*r**3 - 1/2*r**2 + 0 - 4*r. Calculate g(2).
5
Let r(w) = 4*w - 11*w + 3 + 5*w - 4. Let h(a) = -a**2 + 2*a + 2. Let s be h(3). Give r(s).
1
Let w(j) = 2*j + 7. Let l be w(-6). Let m(r) = r**2 + 4*r - 6. Suppose 0 = -3*u + 9. Let v(t) = -2*t**2 - 8*t + 11. Let g(p) = u*v(p) + 5*m(p). Determine g(l).
-2
Suppose 0 = 2*y + 3*y - c - 35, -5*c = 0. Let q(l) = y + 3*l + 0 + 5 - 11. Give q(-1).
-2
Suppose 2*o - 4*u = 0, 12 = 4*o + u + 3*u. Suppose -4*b - o*c = b - 11, -14 = b - 5*c. Let l(g) be the second derivative of -11*g**4/12 - 2*g. What is l(b)?
-11
Let i(l) be the third derivative of -l**5/60 + l**4/4 + l**3/3 - 2*l**2. Let w = 17 - 9. Let d = w + -3. Calculate i(d).
7
Let h(x) be the third derivative of -x**5/60 + 5*x**3/6 - 28*x**2. Determine h(0).
5
Suppose 3*y - 10 = 5*y. Let d(h) = 3*h - 4. Let u(x) = 5*x - 8. Let b(f) = -7*d(f) + 4*u(f). Calculate b(y).
1
Let u(a) = a**3 - 3*a**2 + 2*a - 3. Let j = 8 - 0. Suppose 2 = -2*g + j. Determine u(g).
3
Let m(z) = -8*z - 25 + 23*z + 14*z**2 + 1 - 4*z**3. Let r(c) = -16 + 0*c + 0*c**3 - 3*c**3 + 10*c + 9*c**2. Let t(w) = -5*m(w) + 7*r(w). Determine t(-6).
2
Let k(v) = 4*v**2 + 2*v**3 + 7*v**2 - 12*v**2 + 0*v**3 + v. Determine k(1).
2
Let d(v) = 2 - 4 + v - 6 + 0*v. Give d(6).
-2
Let c(u) = u**3 - 5*u**2 + 7. Let i be c(5). Suppose 0 = 2*n - 1 + i. Let z(l) = l**3 + 3*l**2 + 2*l + 4. Give z(n).
-2
Let d(j) = j**2 + 5*j + 6. Let o be d(-7). Suppose -3*a = 4*t + 5, -o = -5*t + a + 4*a. Let p(f) = f**2 - t - 8*f + 2*f - 1. What is p(3)?
-11
Suppose -i - 10 = -4*x, 5*x - 17 + 0 = -i. Let h(v) = -x*v - 5 + 2 + 5*v. Determine h(6).
9
Suppose 5*r = 23 - 8. Let l(m) = -m + 1. Calculate l(r).
-2
Let c be (-4)/36*3*6. Let k(o) = 8*o**3 - 1 - 7*o**3 + 3. Give k(c).
-6
Let f(o) = -3*o**3 - 2*o**2 + 3*o + 2. Let u(g) = -3*g**2 + 3*g. Let w be u(2). Let a = 4 + w. Give f(a).
12
Suppose -16 = 4*n - 0*n. Let j(d) = 2*d + 4. Determine j(n).
-4
Let r(y) = y**3 + 5*y**2 - 8*y - 5. Let c be ((-4)/8)/(2/24). Determine r(c).
7
Let a(u) = u + 1. Let f be (-91)/(-52) + 1/4. Suppose 3*b + 3 = 0, 3*z - 15 = -f*z - 5*b. Give a(z).
5
Let p(o) be the second derivative of -o**5/20 - o**4/6 + o**3/3 - o**2 + 32*o. What is p(-3)?
1
Let p be -3 + 8 - (-6)/(-2). Suppose 5*h = -4*g + 25, 0*g - p = -g + 3*h. Let l(k) = -k - 5. What is l(g)?
-10
Let o be -7*((-4)/(-2) - 1). Let d be 4*(-1 - (3 - 3)). Let b = d - o. Let l(s) = -2*s + 2. Give l(b).
-4
Suppose -3*j - 4*k - 205 = k, 4*k = j + 91. Let g be (-4)/(-6)*j/(-10). Let d(t) = -g*t + t**2 + 3 - 3 + 3. What is d(4)?
-1
Suppose 0 = 4*w - 3*y - 17, -2*w + 22 = 2*w - 2*y. Let a(o) = -o**2 + 10*o - 3. Determine a(w).
13
Let y(n) = n**3 + 7*n**2 + 2*n + 2. Let a be y(-7). Let p = 7 + a. Let q(g) be the second derivative of -g**3/6 - g**2 - g. Determine q(p).
3
Let a(t) be the second derivative of -t**6/120 - t**5/15 - t**4/12 + t**3/2 - 2*t**2 + 5*t. Let j(u) be the first derivative of a(u). Determine j(-3).
0
Let l(s) be the second derivative of -s**5/20 + s**4/4 + 2*s**3/3 - 5*s**2/2 + 11*s. Determine l(4).
-5
Let y(z) = z**2 + z + 1. Let a be y(-1). Let n(u) = 7*u**2 + u - 1. Determine n(a).
7
Let f(y) be the first derivative of -y**3/3 - 7*y**2/2 - 3*y - 57. What is f(-7)?
-3
Let v(t) = -4*t. Let z = -5 + 3. Let i = z + 2. Suppose 3 + i = 3*h. Determine v(h).
-4
Let q(r) be the first derivative of 7*r**3/3 + r + 11. Determine q(1).
8
Let r(w) = w**2 + 11*w + 10. Let s(l) = 2*l + 29. Let q be s(-19). Determine r(q).
-8
Let 